prime factors of g?
103
Let k(o) = 161*o**2 - 7*o + 9. List the prime factors of k(4).
2557
Let v(j) be the second derivative of 5*j**4/12 - j**3/3 + 20*j. Suppose 4*h - 5 - 7 = 0. What are the prime factors of v(h)?
3, 13
Suppose 0 = 12*s - 2*s. Suppose 0 = 4*p, 2*p - 203 = -g - s*p. List the prime factors of g.
7, 29
Let w(t) = 2*t**2 + t. Let u be ((-35)/20)/((-2)/8). Suppose 2*b = 3*z - 7, -5*z + u = -5*b - 8. List the prime factors of w(z).
3
List the prime factors of 25/(-4) + 5 + (-11522)/(-8).
1439
Let d(f) = f**2 + 9*f - 1. Let o be d(-7). Let m be 1/3 - 70/o. Suppose 108 = m*b - 4*p, -4*b - 4*p + 84 = -b. List the prime factors of b.
2, 3
Suppose -3*l - 160 = -13*l. Suppose 2 = -q + 3*q. What are the prime factors of l/(-2 + 4/q)?
2
Suppose -23*h + 20*h + 630 = 0. List the prime factors of h.
2, 3, 5, 7
Let y(i) = 57*i + 31. Let g be y(5). Suppose 3*q + g = 5*o, 0 = 3*q + 5 + 1. List the prime factors of o.
2, 31
Let p(s) = 3*s + 26. Let k be p(-7). Let w(d) = 33*d - 21. List the prime factors of w(k).
2, 3
Let x be -3 + (-6)/((-8)/4). Suppose 5*a = 5*o - 245, x = o - a - 2*a - 53. Suppose 3*z = k + 2*k - 9, -5*k + o = 3*z. List the prime factors of k.
7
What are the prime factors of (7044/16)/(3*(-2)/(-16))?
2, 587
Let m = 6 + -7. Let k be m/(-2) - 78/12. Let w(j) = j**2 + 10. What are the prime factors of w(k)?
2, 23
Let x(o) be the second derivative of o**5/40 - 19*o**4/24 + 2*o**3/3 + o. Let s(f) be the second derivative of x(f). What are the prime factors of s(14)?
23
Suppose 2*s = 10*s + 1336. Let u = 105 - s. List the prime factors of u.
2, 17
Suppose -6*f + 158 = -3*f - 5*b, 2*f - 2*b = 108. Let x = -37 + f. Suppose -38 = -m + x. What are the prime factors of m?
3, 19
Suppose -3*w + 108 = 2*n, 111 = 3*w + 6*n - 5*n. List the prime factors of w.
2, 19
Let z(c) be the second derivative of c**5/20 - 2*c**4/3 + 2*c**3/3 - 21*c**2/2 + 7*c. What are the prime factors of z(9)?
2, 3
Let w(o) = 6*o**2 + 8*o + 2. Let j be w(-5). Suppose j = 2*u - 0*u. What are the prime factors of u?
2, 7
Suppose 2*p - 5*m + 32 = -0*p, 5*p + 18 = -3*m. Let w = 58 - p. What are the prime factors of w?
2
Let j(t) = -t**2 - 6*t - 8. Let n be j(-7). Let p be (42/n)/((-1)/20). List the prime factors of p/35 - 4/(-10).
2
Let h(o) = -2*o - 8. Suppose z - 3*z = u + 16, 0 = 2*z + 10. Let l be h(u). What are the prime factors of (6 + -4)/(l/78)?
3, 13
Let x = 5680 + -3877. What are the prime factors of x?
3, 601
Let v be 1/(-2) + (-198)/(-44). Let b(m) = 12*m - 26. What are the prime factors of b(v)?
2, 11
Suppose 0 = -c + 92 - 25. Suppose -8*v + 7*v = -c. List the prime factors of v.
67
Let d = 448 - 211. List the prime factors of d.
3, 79
Let m be 3/((-36)/(-8))*3. Suppose -m*f + 2 = -4. Suppose f*y = h + 11, 0*h = 2*y + h - 14. What are the prime factors of y?
5
Suppose 1347 = 5*l - 353. Suppose -4*y = -4*j + l, j = 3*y + 2*y + 89. What are the prime factors of j?
2, 3, 7
Let v = 17 + -35. Let m = -130 + 82. Let r = v - m. What are the prime factors of r?
2, 3, 5
Let i be (-345)/(-25) - 4/(-20). Let m(f) = f**3 - 15*f**2 + 16*f - 18. Let q be m(i). Suppose g - q - 60 = 0. What are the prime factors of g?
2, 5, 7
Let u(z) be the second derivative of 5*z**4/12 - z**3/3 + 3*z**2 + 5*z. Let l(o) be the first derivative of u(o). List the prime factors of l(3).
2, 7
Let f(m) = m**3 + 21*m**2 + 30*m - 28. List the prime factors of f(-12).
2, 227
Suppose -41*f - 3663 = -44*f. List the prime factors of f.
3, 11, 37
Let d = -14 + 17. Suppose 3 = f - d. Suppose -f*k + 37 = -101. List the prime factors of k.
23
Suppose 4*n + 20 = 28. Suppose -9 = -n*p + 9. List the prime factors of p.
3
Suppose -2 = b + 4*d, -d = -5*d + 20. Suppose -40 = 3*u + 98. Let s = b - u. List the prime factors of s.
2, 3
Suppose 5*g - 1534 = 37*p - 39*p, 3*g = 0. List the prime factors of p.
13, 59
Suppose -3*s + 3*h = -4401, 5*s - 7368 = 2*h - 27. List the prime factors of s.
13, 113
Suppose m - 176 = 5*x, -5*x + m = -2*x + 106. Let q = -6 - 55. Let v = x - q. What are the prime factors of v?
2, 13
Suppose 13123 = -127*o + 138*o. List the prime factors of o.
1193
Let s be (8/(-20) + 1)*35. List the prime factors of (2/24*s)/(2/136).
7, 17
Let x(i) be the second derivative of i**4/12 - 5*i**3/3 + 6*i**2 - 4*i. Let o be x(8). List the prime factors of ((-108)/(-30))/(o/(-10)).
3
Let j = -26 - -66. Let d = j - 30. Suppose u - 5 - 12 = -c, 5*c + d = 0. What are the prime factors of u?
19
Suppose -42*c + 15756 = -13518. List the prime factors of c.
17, 41
Let g be -3*(-3 - (2 - 3)). What are the prime factors of (1 + 170/g)*3?
2, 11
Suppose -2146 = -17*l + 1050. What are the prime factors of l?
2, 47
List the prime factors of ((-150)/4)/(13/(-78)).
3, 5
Suppose 75 + 37 = 4*d. List the prime factors of 8/d - 248/(-14).
2, 3
Let d(l) = 0*l + l**2 + l - 4*l - 3*l. Let k be d(5). Let y = k + 12. What are the prime factors of y?
7
Suppose 0 = -4*f + 23 - 27. Let i = 176 - f. List the prime factors of i.
3, 59
Let x(o) = -o**3 + 7*o**2 - 4*o - 13. Let u be x(6). List the prime factors of u*4/26 - 80/(-13).
2, 3
Let r be ((-3)/(-2))/((-33)/44) - -8. Suppose r*g = -4*g + 1540. List the prime factors of g.
2, 7, 11
Suppose -11*r + 3696 = r. List the prime factors of r.
2, 7, 11
Let t(l) = -3*l**2 + 914. Let n be t(0). Suppose 4*a - n = -3*z, -4*a - 4*z + 76 + 840 = 0. What are the prime factors of a?
227
Suppose 0*i + 84 = 2*i + 5*h, 5*h = 3*i - 76. Let u = -29 + i. Suppose -2*s = -6*z + 4*z + 20, u*s - 60 = -3*z. What are the prime factors of z?
3, 5
Let w = -98 - -148. Suppose -2*f = -186 - w. What are the prime factors of f?
2, 59
Suppose 4*y - 4 = -4*j, 2*y - 11 = -5*j + 3*y. What are the prime factors of 85 + (-8 + j - -3)?
2, 41
Let g(v) = -7*v + 11. Let n = -30 + 23. What are the prime factors of g(n)?
2, 3, 5
Let r(z) = -79*z - 69. What are the prime factors of r(-5)?
2, 163
Let f(v) = 50*v + 3865. List the prime factors of f(0).
5, 773
Let n = 34 - 22. Suppose n = -4*t + 212. List the prime factors of t.
2, 5
Let g(h) = -h + 15. Let a be g(5). Suppose -4*p = -14 - a. What are the prime factors of 2/(-4)*(-32 - p)?
19
Let p be (3 - 3)/4*1. Let f(m) = 2*m - 75. Let d be f(p). List the prime factors of (-4110)/d + (-2)/(-10).
5, 11
Let u(b) = -2*b + 4. Let o be u(2). Let c be 1*o*(-4)/8. Suppose -8*i + 3*i + 20 = c. List the prime factors of i.
2
Let z = 538 - 352. Let g = z - 131. List the prime factors of g.
5, 11
List the prime factors of -2*3 - (-719 + 0).
23, 31
Let i be (10/6 - 2)*51. Let u = 29 + i. List the prime factors of u.
2, 3
Let t(g) be the first derivative of -14*g**2 - 4*g + 16. What are the prime factors of t(-3)?
2, 5
Let h(p) = 3*p - 5. Let m(g) = 16*g - 5. Let x be m(1). List the prime factors of h(x).
2, 7
Let z(g) = 4*g**2 - 11*g + 28. Let q be z(9). Let x = -148 + q. List the prime factors of x.
3, 5, 7
Suppose -5*s - 66*n + 6682 = -64*n, -3*s + 3*n = -4026. List the prime factors of s.
2, 3, 223
Suppose 2*r = -y - y + 26, 19 = 3*y - r. Suppose -2*d = -y, -4*d + 18 = 2*w - 78. What are the prime factors of w?
2, 5
Suppose -47 - 1 = -4*w. Let t be ((-8)/10)/(4/(-2810)). List the prime factors of t/w + 16/96.
47
Let o(d) = d**3 - 40*d**2 + 95*d - 12. What are the prime factors of o(38)?
2, 5, 71
Let o(m) = m**2 - 2*m + 1. Let t be o(1). Let b(y) = -y + 30 + 0*y + t*y. List the prime factors of b(0).
2, 3, 5
Suppose -3*q = -72 - 93. Let m(v) = -v**3 + 17*v**2 - 15*v - 13. Let y be m(16). Suppose y*d - 26 = q. List the prime factors of d.
3
What are the prime factors of (-1)/(3/(-9)) - (7 - 34)?
2, 3, 5
Let r = 10 + -7. Let b(m) = m**3 + 2*m**2 - 3. Let i(y) = -y**3 - y**2 - y + 4. Let a(l) = 3*b(l) + 2*i(l). List the prime factors of a(r).
2, 7
Suppose -6 = -2*m - 0. Suppose m*k + 0*k = 18. List the prime factors of (-2653)/(-42) + (-1)/k.
3, 7
Let b = -358 + 303. Suppose 4*n = -3*q - 344, 4*n + 2*q - 74 = -422. Let l = b - n. What are the prime factors of l?
2, 17
Suppose c + a = -2*a - 4, 0 = -4*c + 5*a + 35. Suppose i - c*u + 10 = -7, 5*u - 35 = -5*i. List the prime factors of i.
3
Let y = -1202 + 2554. List the prime factors of y.
2, 13
Let c be ((-12)/(-16))/(1/4). Suppose 2*a - 59 = -c. Let k = a - 12. What are the prime factors of k?
2
Let s = 208 + -3. List the prime fa